
3
Let u(y) = -5*y - 1. Let o be (-51)/(-15) - 3/(-5). Suppose o*b = -7 + 19. What is the remainder when u(-1) is divided by b?
1
Let a = 8 + 6. Let s(j) = 3*j**3 - j**2 + 4*j + 2. Let z be s(-3). Calculate the remainder when (4/(-5))/(2/z) is divided by a.
12
Suppose -5*w = -15 - 55. Suppose w = t - 2. Calculate the remainder when t is divided by 6.
4
Suppose -6 = 4*b - 42. Suppose 0 = -0*m - 4*m + 528. Suppose 5*k - m = k. What is the remainder when k is divided by b?
6
Let l = 1 - 1. Let v = 10 - l. Let q = 32 + -3. Calculate the remainder when q is divided by v.
9
Let s(l) be the first derivative of 19*l**4/4 + l**2/2 + 1. What is the remainder when s(1) is divided by 11?
9
Let g(l) = -4*l + 1. Let z be g(-1). Let j(s) = -s**3 + 6*s**2 - 5*s. Let r be j(z). Calculate the remainder when 25 is divided by (r - -1)*-1 + 14.
12
Let d(s) = s**2 + s - 2. Let x be d(-2). Suppose 0 = -3*q - x*q + 585. Suppose 4*z - z = q. What is the remainder when z is divided by 17?
14
Let u be ((-2)/(-4))/((-3)/(-6)). Let b = u + 0. Suppose 0 = 3*s - 2*g - 1, 4*s + g = -0*g + 5. What is the remainder when b is divided by s?
0
Let s(u) = u**3 - 10*u**2 - 10*u + 1. What is the remainder when (2 + 0)/2*22 is divided by s(11)?
10
Let q(h) = 85*h - 85. Let y(d) = 7*d - 7. Let i(c) = 2*q(c) - 25*y(c). Let r be i(-5). Calculate the remainder when 14 is divided by (r/(-12))/(2/(-4)).
4
What is the remainder when 45 is divided by (-8)/(-28) - 200/(-35)?
3
Let b = -14 + 24. Calculate the remainder when 27 is divided by b.
7
Suppose v = -2*v - 21. Let t = v - -5. What is the remainder when 22 is divided by ((-9)/15)/(t/20)?
4
Suppose -2*i + 4 = -2. Suppose 0 = i*u - 91 - 17. Calculate the remainder when u is divided by 13.
10
What is the remainder when 138 is divided by (21/(-9))/(-1 - 14/(-15))?
33
What is the remainder when 21 is divided by -2 - (0/2 - 13)?
10
Suppose 0 = 20*d - 16*d - 164. Calculate the remainder when 201 is divided by d.
37
Suppose 22 = -9*j + 11*j. What is the remainder when 31 is divided by j?
9
Let j(y) = -8*y. Let f be j(-1). Let c(x) = x**3 - 9*x**2 - 35*x + 6. Let v be c(12). Let w = v - f. Calculate the remainder when w is divided by 6.
4
Calculate the remainder when 2*-1 - (-47 - -13) is divided by 11.
10
Let z(o) = 0 + 4*o**2 + 1 - o + 0*o. Let g(y) = y**3 + y + 11. What is the remainder when g(0) is divided by z(1)?
3
Let l = 45 - 15. Suppose -76 = -4*b - 3*w, -2*w = 2*b + 2*w - 48. What is the remainder when l is divided by b?
14
Let g(v) = v**3 + 4*v - 5. Calculate the remainder when 86 is divided by g(2).
9
Let k(j) = j**3 - 8*j**2 - 9*j + 4. Let o be k(9). Suppose -6*s + o*s + 54 = 0. What is the remainder when s is divided by 10?
7
Let z = 10 + -16. Let x(g) = g**3 + 6*g**2 - 2*g - 9. Calculate the remainder when 7 is divided by x(z).
1
Let l(n) = -n**2 + 2*n + 21. Calculate the remainder when 46 is divided by l(5).
4
Suppose -6*q + q + 2*r = -159, 0 = -q - 5*r + 21. What is the remainder when q is divided by 17?
14
Let t = 6 - 4. Let q = 78 + -54. What is the remainder when q + (1 - t - 0) is divided by 13?
10
Let i(p) = p**3 + 5*p**2 - 7*p - 5. Let u be i(-6). Suppose -a + 5 = 2*n - 0, a = u. Calculate the remainder when 5 is divided by n.
1
Suppose -11*f - 9 = -152. Calculate the remainder when 37 is divided by f.
11
Suppose 0*n - 9 = 3*n. Let l = 8 + n. What is the remainder when 19 is divided by l?
4
Let n = -627 - -954. What is the remainder when n is divided by 41?
40
Let m(j) = -j**3 - 7*j**2 + 11*j - 7. Suppose -5*l - 35 = 4*h + h, 3*h + 5*l = -25. Let k be (-1 + 2)/(h/45). What is the remainder when m(k) is divided by 19?
18
Suppose 5*f + n - 10 = 0, 19 - 7 = -f - 3*n. Let l be 0 - (0/f - 24). Suppose 2*z - l = -2*z. Calculate the remainder when 16 is divided by z.
4
Suppose -5*h - 105 = -5*d, -d + 2*h = 3*h - 11. What is the remainder when 95 is divided by d?
15
Suppose 2 = -h + 4. Let m be h/(-4) - (-4)/8. Let d = m - -9. What is the remainder when d is divided by 5?
4
Suppose 0 = c - 8 + 24. Let v be c - 6/3*-1. Let t = v + 26. Calculate the remainder when 21 is divided by t.
9
Suppose 0 = 7*d + 118 - 496. Calculate the remainder when d is divided by 19.
16
Calculate the remainder when (3 + -1*1)/(88/8668) is divided by 11.
10
What is the remainder when ((-18)/10)/(((-44)/(-140))/(-11)) is divided by 1/2 + (-93)/(-6)?
15
Let h(k) = -k**3 - 2*k**2 + 2*k - 2. Let x be h(-3). Let f(v) = v**2 + v - 2. What is the remainder when f(-6) is divided by (-116)/(-8) - x/(-2)?
13
Calculate the remainder when 8/(-6)*588/(-8) is divided by 33.
32
Suppose -4 = -4*q - 3*u, 4*u + 23 + 13 = 5*q. Calculate the remainder when 10 is divided by q.
2
Suppose 4*k = -4*l + 88, 4*k + l - 44 = 2*k. Calculate the remainder when 43 is divided by k.
21
Calculate the remainder when 14/(-4)*(0 - 2) is divided by (2/(-6))/((-2)/24).
3
Suppose 0 = -3*h + w - 3 + 21, h - 8 = w. Suppose 4*v = h*b - 70, 5*v - v + 34 = 3*b. Calculate the remainder when 34 is divided by b.
16
Let p = 95 + -83. What is the remainder when 58 is divided by p?
10
Suppose 6*m - t = 3*m + 157, 0 = m + 3*t - 39. What is the remainder when m is divided by 18?
15
Let o = -6 - -8. Suppose m + o*y = 8, -m + 2*m = 5*y + 8. Calculate the remainder when 14 is divided by m.
6
Suppose -22 = -4*p + 34. Suppose 0 = -6*a - 4 + 64. What is the remainder when (p - 1)/(2/6) is divided by a?
9
Suppose -a = -2*y - 0*y - 1, 3*a + 1 = 4*y. What is the remainder when (-81)/(-2) + y/4 is divided by 14?
12
Suppose 2*f = -f + 36. Suppose 4*u + 4*p = 12, 2*u + p = 4*p - 9. Suppose 5*t + 5*o + 33 - 123 = 0, u = 4*o + 20. What is the remainder when t is divided by f?
11
Suppose 163*f - 164*f + 19 = 0. Calculate the remainder when 29 is divided by f.
10
Suppose 4*i = 24 + 32. Suppose -2*b = -i - 10. Suppose 0 = 12*x + 63 - 315. Calculate the remainder when x is divided by b.
9
Suppose 5*j = -5*o + 80, 0*j = -o + 5*j + 10. What is the remainder when 3/(-9) - 390/(-9) is divided by o?
13
Let k(u) = -2*u**2 - 15*u - 3. Calculate the remainder when 41 is divided by k(-6).
11
Let s(h) = -2*h - 11. Let p(q) = q**2 + 12*q - 11. Let m be p(-12). What is the remainder when s(m) is divided by 6?
5
Let f = 5 + -12. Let v be (-650)/(-8) + f/28. Suppose v = -0*z + 3*z. What is the remainder when z is divided by 7?
6
Let t be 18/(-15)*(-220)/6. Let m be (-29)/4*(-5 + 9). Let q = t + m. What is the remainder when 44 is divided by q?
14
Let o = -27 + 17. Let d = -17 + 36. Calculate the remainder when d is divided by (o - -8)*(-10)/4.
4
Let k = 13 + -14. What is the remainder when 16 is divided by (2 + k + 0)*9?
7
Suppose -10 = -5*y + 5*q, -5*y + 5*q - 2*q + 4 = 0. Let d(a) = -9*a**3 + a**2 + a. What is the remainder when d(y) is divided by 4?
1
Suppose 0 = 4*h + 11 + 17. Let w(z) = z**2 + 5*z - 7. What is the remainder when 11 is divided by w(h)?
4
Suppose -3*f + 3 = -42. Suppose 0 = 3*w - 4*w + f. What is the remainder when w is divided by 6?
3
Let u(h) = -6*h - 3*h + 3*h. What is the remainder when 52 is divided by u(-3)?
16
Suppose 3*g = -g + 52. Let m = -26 - g. What is the remainder when 37 is divided by m/2*2/(-3)?
11
Let q = -82 + 150. Suppose -v - q = -4*v - 4*k, -5*k = -25. Calculate the remainder when 27 is divided by v.
11
Suppose 0 = -5*o + 5*k + 5, 3*o + k - 14 = -o. Suppose 3*s = 4*y - 9*y - 16, 2*s = 4*y + 26. Calculate the remainder when o is divided by s.
0
Let g = 43 - 38. What is the remainder when 15 is divided by g?
0
Let a(k) = 3*k + 11. Calculate the remainder when 56 is divided by a(6).
27
Let s be (63/14)/((-6)/(-112)). What is the remainder when (s/35)/(4/50) is divided by 16?
14
Let l be -5*(0 - 2 - -1). Let q(i) = -i - 6. Let g be q(-11). Suppose -5*o - f - 2*f = g, 3*f = l*o - 25. What is the remainder when o is divided by 2?
0
Let i(r) = 5*r**2 - 4*r + 6. Let j(q) = q**2. Let g(u) = i(u) - 4*j(u). Let f(k) = 25*k**2 - 3*k - 1. What is the remainder when f(1) is divided by g(4)?
3
Let y(j) = -5*j**3 - 2*j**2 + 3*j + 3. What is the remainder when y(-2) is divided by 8?
5
Suppose 4*q + 5*t = 4*t + 48, -5*t + 6 = 2*q. Calculate the remainder when (-2)/(-1) + -3 + q is divided by 5.
2
Suppose -q + 4 = 2*o, 3 + 13 = 4*q + 4*o. Suppose v - 4*v + 6 = 0. Calculate the remainder when v/(-8) + 82/8 is div